t of 408?
0
What is the hundreds digit of 432?
4
What is the units digit of 1747?
7
What is the hundreds digit of 17345?
3
What is the units digit of 30596?
6
What is the hundreds digit of 2445?
4
What is the hundreds digit of 646?
6
What is the tens digit of 8402?
0
What is the tens digit of 276?
7
What is the units digit of 5548?
8
What is the hundreds digit of 9149?
1
What is the units digit of 121?
1
What is the units digit of 86253?
3
What is the hundreds digit of 3039?
0
What is the hundreds digit of 90630?
6
What is the units digit of 2759?
9
What is the tens digit of 20898?
9
What is the thousands digit of 1486?
1
What is the ten thousands digit of 36286?
3
What is the hundreds digit of 18482?
4
What is the thousands digit of 1204?
1
What is the hundred thousands digit of 169128?
1
What is the hundreds digit of 5233?
2
What is the units digit of 7737?
7
What is the tens digit of 9366?
6
What is the units digit of 2156?
6
What is the hundreds digit of 12616?
6
What is the tens digit of 508?
0
What is the thousands digit of 8066?
8
What is the hundreds digit of 1612?
6
What is the thousands digit of 95669?
5
What is the hundreds digit of 5178?
1
What is the hundreds digit of 8918?
9
What is the units digit of 4112?
2
What is the thousands digit of 31293?
1
What is the hundreds digit of 52442?
4
What is the hundreds digit of 2062?
0
What is the thousands digit of 11757?
1
What is the units digit of 1300?
0
What is the ten thousands digit of 20267?
2
What is the thousands digit of 10090?
0
What is the tens digit of 2315?
1
What is the thousands digit of 49327?
9
What is the tens digit of 2323?
2
What is the thousands digit of 3699?
3
What is the tens digit of 855?
5
What is the tens digit of 5543?
4
What is the units digit of 672?
2
What is the units digit of 70?
0
What is the hundreds digit of 657?
6
What is the hundreds digit of 8361?
3
What is the thousands digit of 31106?
1
What is the tens digit of 16541?
4
What is the units digit of 643?
3
What is the tens digit of 1719?
1
What is the tens digit of 5291?
9
What is the tens digit of 4940?
4
What is the tens digit of 881?
8
What is the units digit of 6?
6
What is the units digit of 4398?
8
What is the ten thousands digit of 17406?
1
What is the units digit of 4465?
5
What is the thousands digit of 4607?
4
What is the tens digit of 32324?
2
What is the hundreds digit of 4714?
7
What is the units digit of 662?
2
What is the hundreds digit of 425?
4
What is the tens digit of 445?
4
What is the hundreds digit of 980?
9
What is the tens digit of 623?
2
What is the ten thousands digit of 23838?
2
What is the thousands digit of 6488?
6
What is the ten thousands digit of 15312?
1
What is the thousands digit of 2609?
2
What is the tens digit of 8963?
6
What is the hundreds digit of 819?
8
What is the tens digit of 2285?
8
What is the thousands digit of 1026?
1
What is the units digit of 8083?
3
What is the units digit of 11661?
1
What is the hundreds digit of 5722?
7
What is the tens digit of 6432?
3
What is the tens digit of 3826?
2
What is the ten thousands digit of 79764?
7
What is the thousands digit of 1471?
1
What is the tens digit of 46357?
5
What is the units digit of 1032?
2
What is the units digit of 741?
1
What is the tens digit of 1404?
0
What is the units digit of 2320?
0
What is the thousands digit of 2928?
2
What is the thousands digit of 2050?
2
What is the units digit of 2957?
7
What is the hundreds digit of 8066?
0
What is the hundreds digit of 6694?
6
What is the hundreds digit of 24128?
1
What is the thousands digit of 12211?
2
What is the units digit of 985?
5
What is the ten thousands digit of 27017?
2
What is the tens digit of 309?
0
What is the ten thousands digit of 21901?
2
What is the thousands digit of 85657?
5
What is the units digit of 2869?
9
What is the tens digit of 2661?
6
What is the tens digit of 29444?
4
What is the hundreds digit of 7242?
2
What is the ten thousands digit of 22041?
2
What is the tens digit of 16637?
3
What is the tens digit of 1542?
4
What is the hundreds digit of 9521?
5
What is the hundreds digit of 26803?
8
What is the hundreds digit of 17834?
8
What is the tens digit of 41634?
3
What is the thousands digit of 1089?
1
What is the thousands digit of 131413?
1
What is the hundreds digit of 543?
5
What is the units digit of 43464?
4
What is the ten thousands digit of 43132?
4
What is the hundreds digit of 31662?
6
What is the units digit of 2556?
6
What is the hundreds digit of 16551?
5
What is the units digit of 183?
3
What is the units digit of 2465?
5
What is the tens digit of 4835?
3
What is the tens digit of 28714?
1
What is the thousands digit of 9815?
9
What is the tens digit of 8176?
7
What is the hundreds digit of 702?
7
What is the tens digit of 55535?
3
What is the hundreds digit of 14551?
5
What is the thousands digit of 1223?
1
What is the tens digit of 38?
3
What is the thousands digit of 1963?
1
What is the ten thousands digit of 100984?
0
What is the tens digit of 1338?
3
What is the ten thousands digit of 11036?
1
What is the units digit of 1387?
7
What is the hundreds digit of 38406?
4
What is the hundreds digit of 7694?
6
What is the hundreds digit of 14079?
0
What is the thousands digit of 20475?
0
What is the tens digit of 94409?
0
What is the tens digit of 12775?
7
What is the tens digit of 175?
7
What is the units digit of 816?
6
What is the tens digit of 2222?
2
What is the hundreds digit of 1098?
0
What is the units digit of 5867?
7
What is the tens digit of 16802?
0
What is the tens digit of 12860?
6
What is the thousands digit of 4639?
4
What is the hundreds digit of 648?
6
What is the units digit of 23925?
5
What is the thousands digit of 1531?
1
What is the units digit of 84774?
4
What is the units digit of 1220?
0
What is the tens digit of 2470?
7
What is the units digit of 1777?
7
What is the thousands digit of 3772?
3
What is the hundreds digit of 9923?
9
What is the thousands digit of 101827?
1
What is the units digit of 4577?
7
What is the units digit of 1356?
6
What is the hundreds digit of 45292?
2
What is the thousands digit of 44479?
4
What is the tens digit of 1300?
0
What is the thousands digit of 141095?
1
What is the tens digit of 1810?
1
What is the tens digit of 70754?
5
What is the ten thousands digit of 66050?
6
What is the thousands digit of 2706?
2
What is the ten thousands digit of 10114?
1
What is the units digit of 897?
7
What is the tens digit of 11880?
8
What is the units digit of 18105?
5
What is the hundreds digit of 24647?
6
What is the units digit of 413?
3
What is the tens digit of 5059?
5
What is the units digit of 16297?
7
What is the thousands digit of 5875?
5
What is the thousands digit of 11307?
1
What is the hundreds digit of 53435?
4
What is the units digit of 607?
7
What is the hundreds digit of 1196?
1
What is the thousands digit of 1184?
1
What is the units digit of 102593?
3
What is the thousands digit of 1685?
1
What is the units digit of 21546?
6
What is the hundreds digit of 46456?
4
What is the tens digit of 3949?
4
What is the units digit of 948?
8
What is the thousands digit of 3811?
3
What is the units digit of 24795?
5
What is the units digit of 4066?
6
What is the thousands digit of 3740?
3
What is the hundreds digit of 38401?
4
What is the thousands digit of 5865?
5
What is the hundreds digit of 42392?
3
What is the hundreds digit of 937?
9
What is the hundreds digit of 24006?
0
What is the tens digit of 655?
5
What is the thousands digit of 1867?
1
What is the hundreds digit of 14443?
4
What is the tens digit of 469?
6
What is the tens digit of 27241?
4
What is the tens digit of 2176?
7
What is the thousands digit of 4553?
4
What is the units digit of 4719?
9
What is the units digit of 9167?
7
What is the units digit of 1857?
7
What is the units digit of 531?
1
What is the units digit of 6877?
7
What is the hundreds digit of 319?
3
What is the thousands digit of 23446?
3
What is the thousands digit of 59938?
9
What is the tens digit of 13730?
3
What is the hundreds digit of 21137?
1
What is the units digit of 87932?
2
What is the hundreds digit of 22418?
4
What is the units digit of 863?
3
What is the thousands digit of 4039?
4
What is the thousands digit o